 the prime factors of 31386705.
3, 5, 7, 42703
What are the prime factors of 945766362?
2, 3, 157627727
What are the prime factors of 1651575508?
2, 11, 37535807
List the prime factors of 93094393.
7, 109, 122011
What are the prime factors of 27622646?
2, 37, 53, 7043
What are the prime factors of 1171110352?
2, 59, 71, 101, 173
List the prime factors of 84955970.
2, 5, 11, 17, 181, 251
What are the prime factors of 42712314?
2, 3, 7118719
What are the prime factors of 838388620?
2, 5, 587, 71413
What are the prime factors of 77393749?
77393749
List the prime factors of 91684275.
3, 5, 199, 6143
What are the prime factors of 6155578?
2, 11, 13, 21523
List the prime factors of 3171049386.
2, 3, 263, 2009537
List the prime factors of 193668469.
367, 523, 1009
What are the prime factors of 155621064?
2, 3, 139, 46649
What are the prime factors of 67923669?
3, 11, 23, 89491
What are the prime factors of 358589345?
5, 71717869
List the prime factors of 943615903.
97, 9727999
What are the prime factors of 772148275?
5, 263, 117437
What are the prime factors of 1024068197?
1024068197
List the prime factors of 37362544.
2, 349, 6691
List the prime factors of 51850047.
3, 199, 86851
What are the prime factors of 1834909781?
19, 227, 467, 911
What are the prime factors of 17417964?
2, 3, 263, 5519
What are the prime factors of 182897319?
3, 11, 1171, 4733
What are the prime factors of 2843489201?
7, 4423, 91841
What are the prime factors of 228324932?
2, 11, 2269, 2287
List the prime factors of 265293467.
199, 1333133
What are the prime factors of 32296688?
2, 2018543
List the prime factors of 21227016.
2, 3, 17, 52027
List the prime factors of 2453023554.
2, 3, 23, 17775533
List the prime factors of 1211988726.
2, 3, 13, 23, 9791
What are the prime factors of 74024655?
3, 5, 4934977
List the prime factors of 2739850325.
5, 293, 374041
List the prime factors of 2880926843.
2880926843
List the prime factors of 24389172.
2, 3, 191, 3547
List the prime factors of 78132802.
2, 11, 71, 50021
List the prime factors of 757380877.
11, 337, 204311
What are the prime factors of 1012755382?
2, 17, 251, 118673
List the prime factors of 4783374004.
2, 1195843501
What are the prime factors of 4034632159?
19, 212349061
List the prime factors of 73021510.
2, 5, 7302151
What are the prime factors of 175165782?
2, 3, 11, 2654027
List the prime factors of 2857123657.
89, 421, 76253
List the prime factors of 19040133.
3, 7, 906673
List the prime factors of 44178028.
2, 43, 113, 2273
List the prime factors of 18355211.
7, 2622173
List the prime factors of 985128143.
1129, 872567
List the prime factors of 3033423517.
23, 131887979
What are the prime factors of 145600815?
3, 5, 9706721
List the prime factors of 653125800.
2, 3, 5, 1088543
List the prime factors of 143539220.
2, 5, 11, 652451
What are the prime factors of 4361185927?
7, 31, 271, 74161
List the prime factors of 342103951.
7, 461, 106013
What are the prime factors of 68528757?
3, 11, 2076629
List the prime factors of 46577178.
2, 3, 17, 152213
What are the prime factors of 481931780?
2, 5, 11, 2190599
What are the prime factors of 2466346594?
2, 1233173297
What are the prime factors of 168670571?
168670571
List the prime factors of 953113808.
2, 59569613
List the prime factors of 356601780.
2, 3, 5, 167, 11863
List the prime factors of 110736356.
2, 27684089
What are the prime factors of 1968613?
1968613
What are the prime factors of 114061361?
114061361
What are the prime factors of 142841279?
7, 71, 167, 1721
What are the prime factors of 78785326?
2, 39392663
List the prime factors of 3440943735.
3, 5, 17, 31, 435287
List the prime factors of 966378305.
5, 223, 866707
List the prime factors of 1283906323.
7, 19, 31, 137, 2273
List the prime factors of 66330635.
5, 7, 359, 5279
List the prime factors of 179359309.
79, 1091, 2081
What are the prime factors of 433871524?
2, 863, 125687
What are the prime factors of 190180904?
2, 17, 239, 5851
What are the prime factors of 62277379?
62277379
List the prime factors of 144770809.
23, 43, 146381
List the prime factors of 183824625.
3, 5, 23, 21313
List the prime factors of 1493898079.
127, 1871, 6287
What are the prime factors of 98518689?
3, 17, 457, 1409
What are the prime factors of 2069641081?
17, 121743593
List the prime factors of 17302908.
2, 3, 7, 29, 7103
What are the prime factors of 542575372?
2, 8669, 15647
List the prime factors of 862360925.
5, 181, 190577
List the prime factors of 87337312.
2, 1181, 2311
What are the prime factors of 113610317?
23, 83, 59513
List the prime factors of 61404992.
2, 11, 87223
What are the prime factors of 307092509?
521, 683, 863
List the prime factors of 1179596848.
2, 73724803
List the prime factors of 30806390.
2, 5, 127, 191
What are the prime factors of 27003413?
307, 87959
What are the prime factors of 1001918013?
3, 19, 29, 606121
What are the prime factors of 15245918?
2, 23, 271, 1223
What are the prime factors of 219391126?
2, 2801, 39163
What are the prime factors of 27701605?
5, 5540321
List the prime factors of 756880462.
2, 13, 103, 233, 1213
List the prime factors of 787076547.
3, 262358849
List the prime factors of 656919491.
17, 23, 1680101
What are the prime factors of 134904937?
113, 1193849
What are the prime factors of 716310470?
2, 5, 17, 4213591
List the prime factors of 6189041645.
5, 479, 1021, 2531
What are the prime factors of 122290387?
122290387
What are the prime factors of 103408625?
5, 827269
List the prime factors of 398684532.
2, 3, 61, 544651
What are the prime factors of 5730510?
2, 3, 5, 67, 2851
What are the prime factors of 4702869236?
2, 13, 43, 97, 21683
What are the prime factors of 149114074?
2, 4339, 17183
List the prime factors of 260388842.
2, 7, 23, 115523
List the prime factors of 455165257.
4099, 111043
What are the prime factors of 18755199?
3, 17, 29, 1409
List the prime factors of 18413484.
2, 3, 1534457
What are the prime factors of 2549294499?
3, 849764833
What are the prime factors of 18801377?
7, 2685911
What are the prime factors of 52037083?
7, 7433869
List the prime factors of 49653038.
2, 37, 670987
List the prime factors of 717084043.
13, 97, 103, 5521
What are the prime factors of 3307553531?
71, 46585261
List the prime factors of 2505479889.
3, 11, 75923633
What are the prime factors of 2702463?
3, 900821
List the prime factors of 64702594.
2, 11, 151, 19477
List the prime factors of 2297144169.
3, 255238241
What are the prime factors of 392695376?
2, 17, 23, 41, 1531
What are the prime factors of 128148359?
128148359
What are the prime factors of 215621973?
3, 7, 431, 2647
List the prime factors of 115755018.
2, 3, 37, 227, 2297
List the prime factors of 194693344.
2, 23, 264529
What are the prime factors of 618061764?
2, 3, 37, 367, 3793
What are the prime factors of 81427270?
2, 5, 8142727
List the prime factors of 118875255.
3, 5, 7925017
What are the prime factors of 92094921?
3, 23, 148301
What are the prime factors of 315693638?
2, 13, 17, 79, 9041
What are the prime factors of 120714292?
2, 191, 158003
List the prime factors of 328191881.
14543, 22567
What are the prime factors of 9900856?
2, 7, 23, 7687
List the prime factors of 34242857.
11, 3112987
What are the prime factors of 49396603?
49396603
What are the prime factors of 35207474?
2, 1787, 9851
List the prime factors of 131977617.
3, 887, 49597
What are the prime factors of 58293220?
2, 5, 89, 32749
List the prime factors of 354756945.
3, 5, 23, 101, 10181
What are the prime factors of 139739507?
17, 47, 174893
List the prime factors of 2015440209.
3, 37, 6052373
List the prime factors of 861860791.
11, 31, 2527451
What are the prime factors of 65603611?
151, 434461
What are the prime factors of 1252375231?
23, 31, 76369
What are the prime factors of 264454393?
7, 29, 277, 4703
What are the prime factors of 906087473?
61, 641, 23173
What are the prime factors of 70625286?
2, 3, 3923627
List the prime factors of 29800003.
29800003
List the prime factors of 97006588.
2, 7, 181, 19141
What are the prime factors of 95359639?
8893, 10723
What are the prime factors of 697046073?
3, 23, 10102117
List the prime factors of 147887674.
2, 11, 641, 10487
What are the prime factors of 381856324?
2, 19